{"id":251,"date":"2019-04-17T12:07:10","date_gmt":"2019-04-17T10:07:10","guid":{"rendered":"http:\/\/la-rose-rouge.de\/?page_id=251"},"modified":"2019-04-17T12:09:05","modified_gmt":"2019-04-17T10:09:05","slug":"eine-auswahl-bisheriger-auftritte","status":"publish","type":"page","link":"http:\/\/la-rose-rouge.de\/?page_id=251","title":{"rendered":"Eine Auswahl bisheriger Auftritte"},"content":{"rendered":"<p style=\"text-align: left;\">Schleswig-Holstein-Festival, Sommerfest auf Schlo\u00df Woterson<br \/>\nMuseumsufer-Feste der Stadt Frankfurt<br \/>\nOrchesterfest der M\u00fcnchner Philharmoniker<br \/>\nM\u00fcnchner Medientage<br \/>\nFaschingskonzerte in der Bayerischen Akademie der Sch\u00f6nen K\u00fcnste<br \/>\nOpernball in der Alten Oper, Frankfurt<br \/>\nFaschingsb\u00e4lle im Deutschen Theater, M\u00fcnchen<br \/>\nResidenz-Stra\u00dfenfest vor der M\u00fcnchner Staatsoper mit Artisten vom Circus Roncalli<br \/>\n200 Jahre Englischer Garten, M\u00fcnchen<br \/>\nTollwood-Festival, M\u00fcnchen<br \/>\nUFA-Sylvesterparty in den DEFA-Hallen Berlin-Potsdam<br \/>\nVerleihung &#8222;Das goldene Kabel&#8220;<br \/>\nKonzerte in der Villa Stuck, im M\u00fcnchner Gasteig, im Lustspielhaus M\u00fcnchen (AZ-Stern der Woche)<br \/>\nB\u00fchnenmusik bei mehr als 30 Vorstellungen von Georg Kaisers\/Mischa Spolianskys Revuest\u00fcck &#8222;Zwei Krawatten&#8220; im M\u00fcnchner Volkstheater<br \/>\nAusstellungser\u00f6ffnungen im Museum W\u00fcrth<br \/>\nLive-Auftritte und Fernsehaufzeichnungen beim ZDF, ORF, BR und Tele 5<br \/>\nGastkonzerte in Bad Homburg, Bad Kissingen, Coburg, Gauting, Gilching, Gr\u00e4felfing, Erding, Iffeldorf, K\u00f6ln, Kufstein, Oberstdorf, Oy, Penzberg, Planegg, Puchheim, Pullach, Rosenheim, Ulm, Unterhaching, Zwiesel<br \/>\nMesse-Er\u00f6ffnungen (ELTEC, INHORGENTA)<br \/>\nTagungen\/Firmenfeiern (75 Jahre Bayerische R\u00fcckversicherung, Bertelsmann, Boehringer Mannheim, 75 Jahre BMW, Kreissparkasse M\u00fcnchen, Microsoft, Roland Berger &amp; Partner, Schering, Th\u00fcga, Yamaha, Zanders Feinpapiere u.v.m.)<br \/>\nBenefiz-Konzerte u.a. f\u00fcr die sowjetische Hungerhilfe (mit Sir Peter Ustinov) und f\u00fcr den Bayerischen Blindenbund<br \/>\nSommerfest der Theaterakademie im Prinzregententheater zu Gunsten der Pinakothek der Moderne, M\u00fcnchen<br \/>\nVerleihung des Europ\u00e4ischen Literaturpreises an Hermann Lenz (im Programm mit Alfred Brendel und Peter Handke)<br \/>\nRheingau Musikfestival<br \/>\nSchwarz-Wei\u00df-B\u00e4lle im alten Kaiserbad, Karlsbad<br \/>\nKonzert im Prinzregententheater f\u00fcr die Theatergemeinde M\u00fcnchen<br \/>\n100 Jahre Deutsches Museum, Festzug durch die Stadt M\u00fcnchen<br \/>\n90 Jahre Strandbad Feldafing<\/p>\n","protected":false},"excerpt":{"rendered":"<p>Schleswig-Holstein-Festival, Sommerfest auf Schlo\u00df Woterson Museumsufer-Feste der Stadt Frankfurt Orchesterfest der M\u00fcnchner Philharmoniker M\u00fcnchner Medientage Faschingskonzerte in der Bayerischen Akademie der Sch\u00f6nen K\u00fcnste Opernball in der Alten Oper, Frankfurt Faschingsb\u00e4lle im Deutschen Theater, M\u00fcnchen Residenz-Stra\u00dfenfest vor der M\u00fcnchner Staatsoper mit Artisten vom Circus Roncalli 200 Jahre Englischer Garten, M\u00fcnchen Tollwood-Festival, M\u00fcnchen UFA-Sylvesterparty in den DEFA-Hallen [&hellip;]<\/p>\n","protected":false},"author":4,"featured_media":0,"parent":0,"menu_order":0,"comment_status":"closed","ping_status":"closed","template":"page-full-width.php","meta":[],"_links":{"self":[{"href":"http:\/\/la-rose-rouge.de\/index.php?rest_route=\/wp\/v2\/pages\/251"}],"collection":[{"href":"http:\/\/la-rose-rouge.de\/index.php?rest_route=\/wp\/v2\/pages"}],"about":[{"href":"http:\/\/la-rose-rouge.de\/index.php?rest_route=\/wp\/v2\/types\/page"}],"author":[{"embeddable":true,"href":"http:\/\/la-rose-rouge.de\/index.php?rest_route=\/wp\/v2\/users\/4"}],"replies":[{"embeddable":true,"href":"http:\/\/la-rose-rouge.de\/index.php?rest_route=%2Fwp%2Fv2%2Fcomments&post=251"}],"version-history":[{"count":4,"href":"http:\/\/la-rose-rouge.de\/index.php?rest_route=\/wp\/v2\/pages\/251\/revisions"}],"predecessor-version":[{"id":256,"href":"http:\/\/la-rose-rouge.de\/index.php?rest_route=\/wp\/v2\/pages\/251\/revisions\/256"}],"wp:attachment":[{"href":"http:\/\/la-rose-rouge.de\/index.php?rest_route=%2Fwp%2Fv2%2Fmedia&parent=251"}],"curies":[{"name":"wp","href":"https:\/\/api.w.org\/{rel}","templated":true}]}}

<p style="text-align: left;">Schleswig-Holstein-Festival, Sommerfest auf Schloß Woterson<br />
Museumsufer-Feste der Stadt Frankfurt<br />
Orchesterfest der Münchner Philharmoniker<br />
Münchner Medientage<br />
Faschingskonzerte in der Bayerischen Akademie der Schönen Künste<br />
Opernball in der Alten Oper, Frankfurt<br />
Faschingsbälle im Deutschen Theater, München<br />
Residenz-Straßenfest vor der Münchner Staatsoper mit Artisten vom Circus Roncalli<br />
200 Jahre Englischer Garten, München<br />
Tollwood-Festival, München<br />
UFA-Sylvesterparty in den DEFA-Hallen Berlin-Potsdam<br />
Verleihung &#8222;Das goldene Kabel&#8220;<br />
Konzerte in der Villa Stuck, im Münchner Gasteig, im Lustspielhaus München (AZ-Stern der Woche)<br />
Bühnenmusik bei mehr als 30 Vorstellungen von Georg Kaisers/Mischa Spolianskys Revuestück &#8222;Zwei Krawatten&#8220; im Münchner Volkstheater<br />
Ausstellungseröffnungen im Museum Würth<br />
Live-Auftritte und Fernsehaufzeichnungen beim ZDF, ORF, BR und Tele 5<br />
Gastkonzerte in Bad Homburg, Bad Kissingen, Coburg, Gauting, Gilching, Gräfelfing, Erding, Iffeldorf, Köln, Kufstein, Oberstdorf, Oy, Penzberg, Planegg, Puchheim, Pullach, Rosenheim, Ulm, Unterhaching, Zwiesel<br />
Messe-Eröffnungen (ELTEC, INHORGENTA)<br />
Tagungen/Firmenfeiern (75 Jahre Bayerische Rückversicherung, Bertelsmann, Boehringer Mannheim, 75 Jahre BMW, Kreissparkasse München, Microsoft, Roland Berger &amp; Partner, Schering, Thüga, Yamaha, Zanders Feinpapiere u.v.m.)<br />
Benefiz-Konzerte u.a. für die sowjetische Hungerhilfe (mit Sir Peter Ustinov) und für den Bayerischen Blindenbund<br />
Sommerfest der Theaterakademie im Prinzregententheater zu Gunsten der Pinakothek der Moderne, München<br />
Verleihung des Europäischen Literaturpreises an Hermann Lenz (im Programm mit Alfred Brendel und Peter Handke)<br />
Rheingau Musikfestival<br />
Schwarz-Weiß-Bälle im alten Kaiserbad, Karlsbad<br />
Konzert im Prinzregententheater für die Theatergemeinde München<br />
100 Jahre Deutsches Museum, Festzug durch die Stadt München<br />
90 Jahre Strandbad Feldafing</p>

<p>Schleswig-Holstein-Festival, Sommerfest auf Schloß Woterson Museumsufer-Feste der Stadt Frankfurt Orchesterfest der Münchner Philharmoniker Münchner Medientage Faschingskonzerte in der Bayerischen Akademie der Schönen Künste Opernball in der Alten Oper, Frankfurt Faschingsbälle im Deutschen Theater, München Residenz-Straßenfest vor der Münchner Staatsoper mit Artisten vom Circus Roncalli 200 Jahre Englischer Garten, München Tollwood-Festival, München UFA-Sylvesterparty in den DEFA-Hallen [&hellip;]</p>
